128. Let n be 6/p*(-759)/2. Let t(s) = -24*s**3 - 2*s**2 - s. Let r be t(-1). What is the highest common divisor of n and r?
23
Let h(p) = -12*p - 2. Let g be 8/(-12)*(-6)/(-4). Let t be h(g). Suppose -6*m + t = -m. Calculate the greatest common divisor of m and 12.
2
Let v be (2 + 2 - 0)*14*-1. Let h = v - -64. Calculate the greatest common divisor of 4 and h.
4
Let o = 85 + -81. Suppose -4*q + q = 24. Let s = o - q. What is the highest common factor of 12 and s?
12
Let m(s) = 2*s + 24. Let t be m(-8). Let a(j) = -j**3 + 8*j**2 + 6. Let p be a(t). Calculate the greatest common factor of p and 54.
6
Let i(p) = 6*p + 39. Let h(m) = -m - 1. Let b(y) = 5*h(y) - i(y). Let n be b(-6). Calculate the highest common divisor of n and 44.
22
Let z be (5 + (5 - 8))*4. Let v = 9 - z. What is the highest common divisor of 10 and v?
1
Let n be (-48)/(-2)*4/8. Let t = -21 - n. Let g = t + 48. What is the highest common divisor of g and 30?
15
Let i = 419 - 411. What is the highest common divisor of i and 280?
8
Let y(w) = 2*w**3 - 3*w**2 - 3*w - 4. Let h be y(3). Suppose -5*r + 1 = -h. What is the greatest common factor of 15 and r?
3
Suppose 5*r + 5*j - 130 = 0, 4*r + 0*r - 149 = 5*j. Calculate the greatest common factor of 62 and r.
31
Let o(a) = -a**2 - 1. Let n(j) = -2*j**2 + 6*j - 4. Let w(p) = n(p) - 6*o(p). Let q be w(-4). What is the greatest common divisor of q and 14?
14
Suppose 67*z = 16*z + 510. Calculate the highest common divisor of 180 and z.
10
Suppose -2*k - 2 = 0, 4*k = -3*v + 9 + 38. Calculate the highest common factor of v and 3.
1
Let a = 109 + -96. Let v be (-443)/(-4) - ((-78)/(-8))/a. Calculate the highest common divisor of v and 10.
10
Suppose -132 = -c - p, 2*c + 398 = 5*c + p. What is the highest common factor of 49 and c?
7
Suppose -2*l - 4*p = -128, 2*l - p - 44 - 64 = 0. Calculate the highest common factor of 8 and l.
8
Suppose -4*r + 559 + 273 = 0. Calculate the highest common factor of r and 52.
52
Let h(d) = -d**3 - 7*d**2 - d - 7. Let q be h(-7). Let j be q - (-3 - -3) - -16. Calculate the highest common divisor of j and 16.
16
Let t(p) = -2*p + 50. Let i be t(0). Suppose 0 = -8*n + 9*n + 4*b - i, 0 = 4*n + 3*b - 265. Calculate the highest common factor of n and 10.
10
Let u(k) = -3*k - 15. Let y be u(-7). Suppose 0 = s - y + 4. Suppose -s*t + 27 + 33 = 0. Calculate the highest common factor of t and 15.
15
Suppose 200 = y + 3*y. Let j(l) = -2*l**3 - 3*l**2 + 5*l - 30. Let v be j(-4). Calculate the greatest common factor of v and y.
10
Let f be (64/(-8) - 7)*-1. What is the highest common divisor of 75 and f?
15
Let h = -5 - 9. Let m = h - -79. Let z = 143 + -130. What is the highest common divisor of z and m?
13
Let v(t) = -5*t + 12. Let d be v(5). Let l = d - -22. Calculate the greatest common divisor of 12 and l.
3
Let p(r) = 13*r - 36. Let t be p(3). Calculate the greatest common factor of t and 39.
3
Suppose -244 = -4*l - 2*y, 7*l = 2*l - 5*y + 300. Calculate the greatest common divisor of 93 and l.
31
Suppose -51*j = -5*j - 276. What is the highest common factor of j and 40?
2
Let b = 464 - 243. Suppose 0 = -5*l + b + 159. Suppose 3*r - l = -r. What is the greatest common divisor of r and 171?
19
Let l be (-5)/((-15)/2)*6. Suppose -3*g - 45 = -5*t, l*t - 4*g - 15 = 29. What is the greatest common factor of t and 4?
2
Suppose -440 = -4*w - w. Suppose 4*j - 88 = z, -2*j = -6*j + 4*z + w. Calculate the greatest common factor of j and 198.
22
Let g be -4 - 1 - (6 + -19). Calculate the highest common factor of 8 and g.
8
Suppose -f + 3*k = 2*f - 1191, -1597 = -4*f + k. Calculate the highest common divisor of 120 and f.
40
Suppose 0 = -5*v - y + 2340, 40*y = -2*v + 38*y + 936. Calculate the highest common divisor of 36 and v.
36
Let a(q) = q**3 + 6*q**2 - 14*q + 2. Let g be a(-6). Suppose -275 + g = -7*o. What is the highest common factor of 162 and o?
27
Let y be -18*(-6)/24*38. Calculate the greatest common factor of y and 475.
19
Let v(f) = -f**3 - 16*f**2 + 15*f - 21. Let j be v(-17). Let o = 8 + -5. Suppose o*w + j = 70. What is the highest common factor of w and 133?
19
Let w = 24 - -9. Suppose 4*t = -2*v + 228, v + w = -3*t + 203. Calculate the highest common divisor of t and 14.
14
Suppose 3*n + 2*y - 30 = 0, 3*y = -2*n + 2*y + 20. What is the highest common divisor of 34 and n?
2
Suppose 35 = 7*d - 133. Suppose -6 = -o - 4. What is the highest common factor of d and o?
2
Let q(p) = -144*p - 7. Let g be q(-3). Let v = 601 - g. Let d = 76 + -54. Calculate the highest common factor of d and v.
22
Let s(m) = -m**2 - 1. Let g(x) = 8*x**2 - 6*x + 27. Let u(b) = g(b) + 6*s(b). Let a be u(3). What is the greatest common divisor of a and 7?
7
Suppose 2 = -5*o + 2. Let k(m) = 2*m**2 + 126. Let x be k(o). What is the highest common divisor of 18 and x?
18
Let s be 9933/258 + 3/2. Suppose 4*o = 4*t - 7*t + 184, 2*o = 3*t - 178. Calculate the highest common factor of t and s.
20
Let y(o) = 6*o**2 + 2*o. Let g(k) = -2*k**3 + k - 2. Let j be g(2). Let h = -18 - j. Let i be y(h). Calculate the highest common factor of i and 50.
10
Let n = 0 - -12. Suppose -55 + 13 = -6*t. Let x(h) = -h**3 + 7*h**2 + h - 5. Let v be x(t). Calculate the highest common divisor of v and n.
2
Let r be 1/(((-116)/638)/(-1*2)). Calculate the highest common divisor of 1584 and r.
11
Suppose 4*j - 2*j - h - 16 = 0, -h + 24 = 2*j. Suppose 5 = 5*y - j*y. Let z be ((-8)/(-24))/(y/(-6)). What is the highest common factor of 20 and z?
2
Suppose 24*r + 27876 = 70*r. What is the greatest common divisor of 12 and r?
6
Let r(p) = -p**3 - 3*p**2 - p - 6. Let k be 3 + -2 + -2 - 3. Let i be r(k). Suppose 0 = q - 14 - i. Calculate the greatest common factor of q and 56.
28
Let h(d) = -d - 1. Let u = 32 - 23. Let z(m) = -m. Let b be z(u). Let r be h(b). Calculate the highest common divisor of r and 8.
8
Let w(r) = -5*r + 27. Let o be w(6). Let b(z) = -2*z**2 - 5*z + 3. Let s be b(o). Suppose 2*j - 141 + 9 = s. Calculate the greatest common factor of 6 and j.
6
Let g = 113 - 113. Suppose -n - 4 + 10 = g. What is the highest common divisor of n and 30?
6
Let z be ((-2)/5)/(-1 - 12/(-15)). Suppose -9 = -z*b + 31. Suppose -4*x - 3*l = -56 - 89, 0 = -5*l - 25. What is the greatest common divisor of b and x?
20
Suppose -118 = 9*t + 620. Let a = t - -97. Calculate the greatest common factor of a and 60.
15
Suppose 11*t - 29 = 8*t - 5*m, 0 = -t - 2*m + 8. Calculate the highest common factor of 192 and t.
6
Let f be (26 - 1*-1)*420/252. Calculate the greatest common factor of 36 and f.
9
Let z be (-6345)/(-54)*12/15. Calculate the greatest common divisor of 2914 and z.
94
Let s = 438 + -378. What is the highest common divisor of 220 and s?
20
Let s be 49/3 + 13/(156/(-16)). What is the highest common factor of s and 345?
15
Let d(q) = 17 + 3*q - 6*q + 10 + q. Let k be d(13). Calculate the greatest common factor of 9 and k.
1
Let v = 33 + -17. Let r(h) = 36*h**2 + 2*h - 2. Let t be r(-3). Suppose s + 5 = -4*s, 0 = 4*y + 4*s - t. What is the highest common factor of v and y?
16
Let c(r) = -r**2 - 15*r - 3. Let h be c(-14). Suppose 0 = -2*s + 4*s + 20. Let p be 22/(-1 - s/6). What is the greatest common divisor of p and h?
11
Let y(u) = 99*u - 91*u - 4 + 6*u**2 - 4. Let o be y(6). What is the greatest common factor of 32 and o?
32
Suppose -4*u + 4*l + 32 + 84 = 0, 21 = u + 3*l. What is the greatest common divisor of u and 783?
27
Suppose -147*v - 22 = -148*v. Calculate the greatest common divisor of 352 and v.
22
Let k = -55 + 82. Let b = 235 - 193. Let c = 12 + b. What is the greatest common divisor of k and c?
27
Let s = -63 + 41. Let y = s + 31. Calculate the highest common factor of y and 27.
9
Suppose 3*b + 9*b - 660 = 0. Suppose -p + 44 = p. Calculate the greatest common factor of p and b.
11
Suppose -1810 - 3806 = 8*w. Let m be w/(-8) - 2/(-8). What is the greatest common divisor of m and 8?
8
Let m = 68 - 67. Suppose 3*c + 4*g = 74, g - m = 1. What is the greatest common factor of 44 and c?
22
Suppose 2*l + 4*k - 305 = -l, -4*l + 398 = k. Calculate the greatest common factor of l and 3.
3
Let b = -9 + 17. Let m be -2*(-2 - -1 - (-12 + 12)). Let q(o) = o + 2. Let d be q(m). What is the highest common factor of d and b?
4
Let v be 2/4 + (-21)/(-6). Suppose 27*w + v = 29*w